be (-4464)/i + 4/10. Suppose -f = -5*f + z. What are the prime factors of f?
2, 7
Suppose -2*q - 11 = 11. Let y = 6 + q. List the prime factors of 5 - (3 + y + 3).
2
Suppose 0 = -920*k + 915*k + 2410. List the prime factors of k.
2, 241
Suppose 0 = -t + 4*t + 9. What are the prime factors of 3/(-15) - (t - 1428/15)?
2, 7
Suppose 4*s = 3*s + 4*b + 53, 5*b - 80 = -2*s. Let u = 16 + s. What are the prime factors of u?
61
Suppose 7*u - 9496 - 17804 = 0. List the prime factors of u.
2, 3, 5, 13
Let y(r) = -r**3 + 25*r**2 + r - 21. Let s be y(25). Suppose -3*l - 709 = -s*c, -l = -0*l + 3. List the prime factors of c.
5, 7
What are the prime factors of (263*(-14)/8)/(7/(-28))?
7, 263
Suppose -4*q + 4*s = -0 - 20, 5*q + s = 13. Suppose -4*r = -f + q*f - 14, 5*r = -20. What are the prime factors of f?
3, 5
Let y = -26 + 62. Let q = 40 - y. Suppose q*k + 6 = 5*a + 37, 0 = 5*k - 5*a - 45. What are the prime factors of k?
2, 7
Let y(f) = 17 - 7 - 11 - 25*f. Let b be y(-1). What are the prime factors of (360/32)/(9/b)?
2, 3, 5
Let l(t) = 2*t**2 + 3*t - 5. Let j be 52/(8/2) - 1. Suppose -8*o + 4*c - j = -4*o, -o - 5*c = 15. What are the prime factors of l(o)?
2, 3, 5
Let p = -34 + 39. Suppose -53 = -p*t + 117. What are the prime factors of t?
2, 17
Let i = -14 + 22. Suppose 5*t = 12 + i. Suppose 2*m + 68 + 117 = 5*p, 3*p - t*m - 111 = 0. List the prime factors of p.
37
Let t = 479 - 319. Suppose -560 = -t*v + 156*v. What are the prime factors of v?
2, 5, 7
Suppose -2*v - 4*r = 0, 0 = -v - 0*v + 4*r. Suppose 4*j + 26 = 2*m, 0 = -3*j - 19 + 4. Let q = m + v. List the prime factors of q.
3
Let c = -47 + 80. What are the prime factors of (-2997)/(-33) - (-6)/c?
7, 13
What are the prime factors of (-47)/((3 + -9)/30)?
5, 47
Let h be ((-28)/(-8) + -3)*-38. Let l = h + 91. What are the prime factors of l?
2, 3
Suppose 17472 = 197*d - 189*d. What are the prime factors of d?
2, 3, 7, 13
Let k(p) = -p**3 + 29*p**2 - 53*p + 9. Let m be k(27). Let y = m - -88. What are the prime factors of y?
2, 31
Suppose -211 = -5*s - 66. Suppose 15 = -5*f, -f + 166 - s = 5*p. Suppose p = -0*g + 4*g. What are the prime factors of g?
7
Let g(v) = 391*v**3 - v**2 + 7*v - 7. What are the prime factors of g(1)?
2, 3, 5, 13
List the prime factors of 14/(-49) + 5010/42.
7, 17
Let q(h) = 1021*h - 19. List the prime factors of q(3).
2, 761
Let x(l) = -814*l + 254. List the prime factors of x(-4).
2, 3, 5, 13
Suppose -4*q - 1057 - 1667 = -2*s, 5*s + q - 6843 = 0. What are the prime factors of s?
2, 3, 19
Let m be -5 - -1 - (-3 - 3). List the prime factors of (m/2 + 121)/2.
61
Suppose 0 = 4*g - 0*j - 5*j + 53, 3*j = -g - 26. Let d = 33 + g. List the prime factors of d.
2
Suppose -25*x + 3508 = -21*x. What are the prime factors of x?
877
Let l = 9 + -6. Suppose -l*k = 4*a - 16, 5*a - 2*k - 15 = -7*k. Suppose a*h - 3*h - 240 = 0. What are the prime factors of h?
2, 3, 5
Suppose p + 5 = 5. Suppose -3*b + 19 = -i + 2*i, p = 5*b - 25. List the prime factors of i.
2
Suppose -3*u = -4*i + 4997, -i - 2*u - 197 = -1460. What are the prime factors of i?
7, 179
Let j = 17 + -7. Suppose 4*v - 16 = 8*v. List the prime factors of 194/j + v/10.
19
Suppose 5*r - 3644 = -2*o, -3740 + 817 = -4*r + o. What are the prime factors of r?
2, 5, 73
Let v = -289 - -435. What are the prime factors of v?
2, 73
Suppose -4*a - 3*l = -2*a - 4, -4*a = l - 8. Suppose 3*n = -a + 8. Suppose -3*r = n*p - 41, 4*r + 24 = 3*p + 73. List the prime factors of r.
13
Let j = 24 - 16. Suppose 0 = 3*w - 7 - j. Suppose 61 = w*k + 3*c, 5*k - c = -2*c + 57. What are the prime factors of k?
11
Suppose -4*t - 556 = -4*a, 0 = -0*a - 2*a + t + 280. What are the prime factors of a?
3, 47
Let z(w) be the first derivative of -w**4/4 - w**3 - w**2 + 9*w + 11. List the prime factors of z(-6).
3, 43
Let g be (14/8 + -7)*(-104)/3. Let b = g - 130. What are the prime factors of b?
2, 13
Let u be -1 + 10 - (6 - 3). What are the prime factors of (644/(-8) + u)/(2/(-4))?
149
Let y = 1654 + -614. What are the prime factors of y?
2, 5, 13
Suppose 2*b - 4*w = 18, 8*b = 3*b - w + 23. Let d be 3/b + (-14)/(-10). Suppose -d*t - 37 = -177. List the prime factors of t.
2, 5, 7
Let w(x) = x**3 - 5*x**2 - 8*x + 2. Suppose -5*j - 2*f = -43, -1 = 3*j + 3*f - 34. Let n be w(j). Let o = n - 29. List the prime factors of o.
3, 5
Let u = -2098 - -4626. What are the prime factors of u?
2, 79
Let d(t) = -t**2 + 10*t - 9. Let u be d(9). Suppose u = -2*j - 5*p - 18, 2*j + 3*j = -p + 1. What are the prime factors of (4 + -3)*j + 8?
3
Let o(k) = 2542*k**2 - k. Let n be o(1). What are the prime factors of (-4)/6*n/(-14)?
11
Let s = -325 - -793. What are the prime factors of s?
2, 3, 13
Suppose 4*y + 30 + 62 = 0. Let b = y + 73. List the prime factors of b.
2, 5
Let x(t) = t**3 + 12*t**2 + 8*t + 6. Suppose -8*j - 11 = 61. List the prime factors of x(j).
3, 59
Let s = -3039 - -5010. List the prime factors of s.
3, 73
Suppose q + 6 = -18. Let b = q - -22. What are the prime factors of (-2)/b - 215/(-5)?
2, 11
Let h = -323 - -472. List the prime factors of h/2 + (-5)/(-10).
3, 5
Suppose 0 = -0*g + 5*g. Suppose g = 7*b - 4*b - 54. What are the prime factors of b?
2, 3
Let d(r) = r**3 + r. Let a be d(0). Suppose -2*b + 1 + 3 = a. Suppose 0 = -b*p + 3*p - 20. What are the prime factors of p?
2, 5
Suppose 25 = 5*n, -4*y + 2*n - n + 15 = 0. Suppose 2*f - 2*w - 80 = 0, -2*f + 101 - y = 2*w. List the prime factors of f.
2, 11
Suppose 3*p = 2*v - 39 - 63, 5*v + 195 = -5*p. Let t = 26 - p. List the prime factors of t.
2, 31
Let o be 6 + -1 + -2 - 13. Let b = o + 12. Suppose -3*y + d = -68, b*d = -5*y - 2*d + 136. List the prime factors of y.
2, 3
Let b = -53 - -58. Suppose -2*k + b*v + 69 = 0, 3*v = 2*k + 4*v - 51. What are the prime factors of k?
3
Let d(y) = -2*y - 1. Let n be d(5). Let s = -100 + 133. Let r = n + s. List the prime factors of r.
2, 11
Let o(d) = -2*d + 15. Suppose 5*f - 3 = 2*c + 22, -f - 2*c = -17. Let h be o(f). Let z(b) = 44*b - 2. What are the prime factors of z(h)?
2, 3, 7
Suppose 47*l + 143 = 48*l. List the prime factors of l.
11, 13
Let n be (-38)/(-10) - 3/(-15). Suppose n*h - 2 = 10. List the prime factors of (h - (12 - 2))*-2.
2, 7
Suppose -2*h + 31 = r, -2*r + 5*h = -0*h - 80. Let l = 97 + r. List the prime factors of l.
2, 3, 11
Let a be -3 + 6 - (-1)/1. Suppose a*j + 3 = 63. Let z = j + -13. What are the prime factors of z?
2
Suppose 4*l = -4*v - 0*v + 16, 0 = -4*v + 5*l - 29. What are the prime factors of (v + -4)*((-9024)/40)/4?
2, 3, 47
Suppose -16*i = -5*i - 2629. Let f = i + -135. List the prime factors of f.
2, 13
Let d = -418 + 804. List the prime factors of d.
2, 193
Let a(v) = 10*v**2 + v - 1. Let y(b) be the third derivative of b**6/120 + b**5/5 - b**4/2 + 7*b**3/3 + b**2. Let z be y(-13). List the prime factors of a(z).
2, 5
Suppose 5*i + 5 = -3*q, -4*q - 2*i - i + 8 = 0. Suppose -a = -q - 150. List the prime factors of a.
5, 31
Let z be 18 + -5 + 2/2. Let d = -7 + z. Suppose -d*l + 45 = -4*l. List the prime factors of l.
3, 5
Suppose 3*b - b = -3*v + 9, 0 = -2*v - 3*b + 1. Suppose 0 = 5*r - z - 485, 3*r - v*r = -4*z - 212. List the prime factors of r.
2, 3
Let z(p) = -p**3 - 6*p**2 + 2*p - 14. Let l = 20 + -15. Let h(x) = x**3 + 6*x**2 - 3*x + 13. Let d(i) = l*h(i) + 4*z(i). What are the prime factors of d(-7)?
3
Let o(s) = -s**2 + 6*s + 31. Let k be o(-8). Let r = k - -262. List the prime factors of r.
181
Let b = 1422 + -1015. List the prime factors of b.
11, 37
Let t be 0*(0 - 1/(-2)). Let d be (-5)/(-105)*7*-21. Let x = t - d. List the prime factors of x.
7
Let d(o) = o**3 + 9*o**2 - 6*o - 4. Let f be d(-11). Let u = 300 + f. What are the prime factors of u?
2, 3, 5
Suppose 0 = -3*x - 9, 2*s - 203 = 4*x + 809. List the prime factors of s.
2, 5
Let q = 239 + 47. List the prime factors of q.
2, 11, 13
Suppose -4*t = -r + 123, 3*t - t - 3*r = -59. Let k = t - -38. What are the prime factors of k?
7
Let o = -62 - -47. List the prime factors of (6 + (-770)/o)*(-6)/(-4).
2, 43
What are the prime factors of 12/(-14) - (1 + (-14550)/21)?
691
Suppose 7*z - 1156 = 11976. What are the prime factors of z?
2, 7, 67
Suppose 1 = -2*w + 5*a + 2, 3*w - 4*a = 5. Let t = 101 - 16. Suppose -41 = -w*c + t. List the prime factors of c.
2, 3, 7
Let h(m) = 180*m